vative of -11*v**3/6 - 20*v. Calculate the remainder when 19 is divided by a(w).
8
Calculate the remainder when (-56)/98 + (-179)/(-7) is divided by 9.
7
Let u = 9 - 1. Suppose -51 = -3*r + 18. Calculate the remainder when r is divided by u.
7
Let v = -106 + 135. Calculate the remainder when 142 is divided by v.
26
Suppose 756 = 2*o + 2*o. Suppose 5*b + 24 = o. Calculate the remainder when b is divided by 9.
6
Let u = 20 - 12. Suppose u = -4*q, -16 = -0*b - 2*b + 2*q. Let w(r) = 4*r**3 - r**2 + 1. Calculate the remainder when b is divided by w(1).
2
Calculate the remainder when (-17)/(-102) - 167/(-6) is divided by 15.
13
Suppose 4*a - 190 = 3*w, -a - 2*a = -4*w - 146. Suppose -2*m - 18 = -a. Calculate the remainder when 27 is divided by m.
13
Let y(j) = j**2. Let c be y(-1). Calculate the remainder when (-22)/((2 + c)/(-9)) is divided by 17.
15
Suppose -g = 3*g - 8. What is the remainder when 15/g + (-3)/6 is divided by (0 - (-3)/2)/((-15)/(-40))?
3
Let w be (-2)/7 + 120/28. Suppose w*o - o = 159. Calculate the remainder when o is divided by 18.
17
Suppose 3*d = 4*o - 188, -3*d = -o - 0*o + 47. Calculate the remainder when o is divided by 21.
5
Suppose -1 = -b - 0*b. Let o = b + 2. Calculate the remainder when 4 is divided by o.
1
Let c(u) = -2*u**2 - u**3 - 2 - 7*u + 2*u**3 + 5 + 0. What is the remainder when c(5) is divided by 15?
13
Let d be 42/3 + 1 - -2. Suppose 2*f = 3*w + 24, 2*w + d = f + 7. Let v(a) = 3*a**2 - 2*a + 1. Calculate the remainder when v(-3) is divided by f.
16
Suppose 4*k - 13 - 3 = 0. Calculate the remainder when 13 is divided by k.
1
Let u be (6/(-15))/1*-10. Suppose 3*f - 88 = -u*c - 7, 5*c - 105 = -5*f. Suppose -m + 4*m = 159. What is the remainder when m is divided by c?
17
Let x = 26 + -12. Let u = 122 - 84. What is the remainder when u is divided by x?
10
Let r(w) = -8*w + 4. Let d be r(-7). Let y = d + -32. What is the remainder when y is divided by 10?
8
Suppose 53 = 4*m - 2*i - i, 5*m = -5*i + 40. Calculate the remainder when m is divided by 3.
2
Let x = -13 - -5. Let k(z) = -z**2 - 10*z - 7. Let j = 40 + -23. What is the remainder when j is divided by k(x)?
8
Suppose -4*g - 82 = 154. Let v = g + 82. Calculate the remainder when v is divided by 12.
11
Suppose 5*z = 2*j + 11 + 24, 2*z - j = 15. Suppose z*c - c - 28 = 0. Let h(x) = 10*x - 7. Calculate the remainder when h(c) is divided by 16.
15
Suppose -5*v + 39 = -2*v. Suppose 2*t + 2*t = 144. Let y = -12 + t. What is the remainder when y is divided by v?
11
Suppose -82 = -7*c + 3*c - x, -5*x = 4*c - 90. Calculate the remainder when 38 is divided by c.
18
Suppose 5*w + 4 = 4*w, 0 = -5*f + 4*w + 41. Suppose 2*z - 18 = -4*y, 3*z + 15 = -2*z. Suppose y*k + 17 - 65 = 0. What is the remainder when k is divided by f?
3
Let g(n) = -23*n. Let h be 2 + 0/(-3 + 5). Suppose -k + 2*s + 22 = -3*s, 4*k - 52 = h*s. Calculate the remainder when g(-1) is divided by k.
11
Let v(f) = f**2 - 5. Let l be v(-3). Suppose -l*x + 5 = 2*q - 3*q, -3*q = -3*x - 21. Calculate the remainder when (-3 - -6)/((-6)/(-40)) is divided by q.
9
Suppose -w - 6*x + 8*x + 65 = 0, 2*w + 2*x = 124. What is the remainder when w is divided by 33?
30
Suppose -4*t - 7*n + 132 = -4*n, -n = 4*t - 124. Calculate the remainder when 88 is divided by t.
28
Let v = 18 - 15. Suppose -g + 60 = v*g. Calculate the remainder when 59 is divided by g.
14
Suppose 81 = -4*u + 13. Let o = u - -32. Calculate the remainder when o is divided by 8.
7
Suppose -2*y = -3*n + 50, -2*y = -3*n - 7*y + 64. Let w = -36 + 38. Suppose w*m = -m + n. What is the remainder when m is divided by 4?
2
Suppose 2*u - 3*p = -p - 2, p = 3*u - 7. Suppose -t = -5 - u. Suppose 3*m = 5*c + 76, -5*m + 54 = -3*m - 4*c. What is the remainder when m is divided by t?
8
Let f be 130/1 - (3 + -6). Let g = -12 + f. Calculate the remainder when g is divided by 31.
28
Let n(l) = 5*l**2 - 6*l + 6. Calculate the remainder when 37 is divided by n(2).
9
Let n be 14/4*(-4)/(-7). Suppose 5*l - 87 = 2*y, -n*l - 4*y = -3*l + 3. What is the remainder when l is divided by 10?
9
Suppose -2*m = 5*o - 3, 4*o + m - 3*m + 12 = 0. Calculate the remainder when (-28)/o + 1 + -2 is divided by 15.
12
Let n(i) = -2*i + 42. Calculate the remainder when 14 is divided by n(17).
6
Suppose 3*u + 7 = -5*w + 21, 4*u + 3*w = 26. Let o = 18 - -11. What is the remainder when o is divided by u?
5
Suppose 4*a = -2*f + 58, a = 4*f - 60 - 92. Let g(t) = -t**2 + 5*t + 4. Let q be g(6). Calculate the remainder when f is divided by 13 - (2 - (q + 4)).
11
Let y(g) be the first derivative of g**3 - 5*g**2/2 - 7*g + 1. Let j(l) = 2*l**2 + 5*l - 1. Calculate the remainder when y(6) is divided by j(-5).
23
Suppose 2*s = -3*s - 30. Let p = s - -10. Let b = 3 - 1. What is the remainder when p is divided by b?
0
Suppose p = -4*l + 2*p + 221, 177 = 3*l - 3*p. What is the remainder when l is divided by 8?
6
Suppose 5 = 4*m + 4*w + 1, -2*m + 4*w = -14. Suppose 72 + 8 = 3*i - 2*u, -3*u = -6. Calculate the remainder when i is divided by 5/(2 - m/2).
8
Suppose -3*j + 45 = -0*b + 3*b, 10 = -j + 4*b. What is the remainder when j is divided by 1 + (-9)/6*-2?
2
Suppose -8 = 2*t - 0. Let h = 27 + t. Calculate the remainder when 45 is divided by h.
22
Let q = -10 - -21. What is the remainder when 18 is divided by q?
7
Suppose 4*c - 299 = 137. Calculate the remainder when c is divided by 10.
9
Calculate the remainder when (15/(-10) + 1)*-46 is divided by 13.
10
Let n = 10 + -8. Let p = n - 8. What is the remainder when 15 is divided by 1/3 - 22/p?
3
Let w = -40 + 47. Suppose 0 = -7*l + 2*l + 5, -3*x + 81 = 3*l. Calculate the remainder when x is divided by w.
5
Let g(w) = w**3 - 6*w**2 + 6*w - 4. Let c be g(5). Calculate the remainder when 3 + (-2 - c - -65) is divided by 22.
21
Let d(h) = -h - 6. Let a be d(-7). Let q(w) = 2*w**2 + 2*w**2 - 7*w**2 + 11*w**3 + 2*w**2. Calculate the remainder when 29 is divided by q(a).
9
Let f = 16 + -11. Suppose 0 = -f*i + i + 268. What is the remainder when i is divided by 23?
21
Let c be (12/(-15))/(2/(-15)). Calculate the remainder when 28 is divided by (3/c)/((-5)/(-60)).
4
Suppose p = 5*p - 32. Let u = -2 + -6. Let k = -3 - u. What is the remainder when p is divided by k?
3
Suppose -2*g = -2*s + 18, 0*g + 19 = 3*s - 5*g. Calculate the remainder when 23 is divided by s.
10
Let l(p) = -p**3 + p**2 + p + 3. What is the remainder when (-44)/(-28) + 3 + (-6)/(-14) is divided by l(0)?
2
Let s = -5 - -16. Let u = 1 - 2. Let f(b) = -31*b. What is the remainder when f(u) is divided by s?
9
Suppose 2*x + 825 = 7*x. Suppose -12*c + x = -7*c. What is the remainder when c is divided by 9?
6
Let d(x) = -x**2 + 6*x + 3. Let k = -4 + 8. Suppose k*y = -y + 30. What is the remainder when 7 is divided by d(y)?
1
Suppose -2*d + 16 = z + z, -5*d + 24 = z. Suppose -3 = s + 4*m, -3*s - z*m = -0*m - 31. Calculate the remainder when 66 is divided by s.
15
Let a = 6 + -4. Suppose -a*h + 1 = 3*m + 9, -2*h - 8 = 0. What is the remainder when 4*21/6 - m is divided by 8?
6
Suppose 4*v = -2*w + 66, v + 3*v - 5*w - 87 = 0. What is the remainder when 143 is divided by v?
17
Let k be 0/(0 + 0 - 2). Suppose 3*o - 21 - 6 = k. Calculate the remainder when 32/5 - o/(-15) is divided by 3.
1
Let n = -27 + 42. Calculate the remainder when (28/3)/((-1)/(-3)) is divided by n.
13
Suppose -3*a = -3*f + a + 65, 3*f = -5*a + 101. What is the remainder when 79 is divided by f?
25
Let q(w) = -w**3 - 4*w**2 - 4*w - 2. Let b be q(-2). Let v be -1 + (1 - b) + -2. Suppose 0*z - 5*z + 325 = v. Calculate the remainder when z is divided by 22.
21
Let l = 57 - 34. Let n = 4 - -9. What is the remainder when l is divided by n?
10
Let i = -18 + 20. Suppose -n = 4*h - 59 + 4, i*n - 90 = 2*h. What is the remainder when n is divided by 12?
11
Suppose -3*m - 15 = -6*m + 5*x, 15 = -5*x. Suppose 0*v + 2*v - 10 = m. Let b(c) = c + 5. What is the remainder when b(v) is divided by 6?
4
Let h(z) = -20*z**3 + 2*z + 1. What is the remainder when h(-1) is divided by 11?
8
Let m = 2 - 4. What is the remainder when (m - -6)/(6/39) is divided by 14?
12
Let g = -4 + 9. What is the remainder when g is divided by 3?
2
Let q = 4 + -2. Suppose 4*t = 3*b - 4*b + 10, 4*t = b + 6. Calculate the remainder when 1/q - 6/(-4) is divided by b.
0
Suppose 0 = 3*z -